{"id":36,"date":"2023-03-05T16:16:14","date_gmt":"2023-03-05T15:16:14","guid":{"rendered":"http:\/\/www.mtv-studio.de\/\/?page_id=36"},"modified":"2025-09-24T20:40:03","modified_gmt":"2025-09-24T18:40:03","slug":"beitrage","status":"publish","type":"page","link":"http:\/\/www.mtv-studio.de\/?page_id=36","title":{"rendered":"Beitr\u00e4ge"},"content":{"rendered":"<p>Damit Du&nbsp;unser Sportangebot nutzen&nbsp;kannst, entrichtest Du einen Mitgliedsbeitrag. Hierf\u00fcr erteilst Du uns eine Einzugserm\u00e4chtigung, die f\u00fcr die Dauer Deiner Mitgliedschaft besteht.<\/p>\n<p>Der Vereinsbeitrag wird automatisch vom angegebenen Konto abgebucht. Du entscheidest selbst, ob dies viertelj\u00e4hrlich, habj\u00e4hrlich oder j\u00e4hrlich geschieht. Die Studio-Geb\u00fchr wird monatlich im Voraus abgebucht.<\/p>\n<table border=\"0\" width=\"100%\">\n<tbody>\n<tr>\n<td align=\"center\" width=\"25%\">&nbsp;<\/td>\n<td align=\"center\" width=\"25%\"><b>Vereinsbeitrag<\/b><\/td>\n<td align=\"center\" width=\"25%\"><b>Studiobeitrag<\/b><\/td>\n<td align=\"center\" width=\"25%\"><b>Summe\/Monat<\/b><\/td>\n<\/tr>\n<tr>\n<td width=\"25%\"><b>Erwachsene<\/b><\/td>\n<td align=\"center\" width=\"25%\"><span style=\"color: #5d0939;\"><span style=\"color: #800000;\">13,50 \u20ac<\/span><\/span><\/td>\n<td align=\"center\" width=\"25%\"><span style=\"color: #800000;\">23,50\u20ac<\/span><\/td>\n<td align=\"center\" width=\"25%\"><span style=\"color: #800000;\">37,50\u20ac<\/span><\/td>\n<\/tr>\n<tr>\n<td width=\"25%\"><b>Jugendliche&nbsp;<\/b><\/td>\n<td align=\"center\" width=\"25%\"><span style=\"color: #5d0939;\"><span style=\"color: #800000;\">10,00 \u20ac<\/span><\/span><\/td>\n<td align=\"center\" width=\"25%\"><span style=\"color: #800000;\">16,00\u20ac<\/span><\/td>\n<td align=\"center\" width=\"25%\"><span style=\"color: #800000;\">26,00 \u20ac<\/span><\/td>\n<\/tr>\n<tr>\n<td width=\"25%\"><b>Partnerbeitrag <\/b><\/td>\n<td align=\"center\" width=\"25%\"><span style=\"color: #800000;\">21,00 \u20ac<\/span><\/td>\n<td align=\"center\" width=\"25%\"><span style=\"color: #800000;\">34,00 \u20ac<\/span><\/td>\n<td align=\"center\" width=\"25%\"><span style=\"color: #800000;\">55,00 \u20ac<\/span><\/td>\n<\/tr>\n<tr>\n<td width=\"25%\"><b>Fr\u00fchbesucher<\/b><\/td>\n<td align=\"center\" width=\"25%\"><span style=\"color: #5d0939;\"><span style=\"color: #800000;\">13,50 \u20ac<\/span><\/span><\/td>\n<td align=\"center\" width=\"25%\"><span style=\"color: #800000;\">21,00 \u20ac<\/span><\/td>\n<td align=\"center\" width=\"25%\"><span style=\"color: #800000;\">34,50 \u20ac<\/span><\/td>\n<\/tr>\n<\/tbody>\n<\/table>\n<p>Sofern Du nicht regelm\u00e4\u00dfig trainieren m\u00f6chtest, bieten wir auch Zehnerkarten an.<\/p>\n","protected":false},"excerpt":{"rendered":"<p>Damit Du&nbsp;unser Sportangebot nutzen&nbsp;kannst, entrichtest Du einen Mitgliedsbeitrag. Hierf\u00fcr erteilst Du uns eine Einzugserm\u00e4chtigung, die f\u00fcr die Dauer Deiner Mitgliedschaft besteht. Der Vereinsbeitrag wird automatisch vom angegebenen Konto abgebucht. Du entscheidest <span class=\"excerpt-dots\">&hellip;<\/span> <a class=\"more-link\" href=\"http:\/\/www.mtv-studio.de\/?page_id=36\"><span class=\"more-msg\">Weiterlesen &rarr;<\/span><\/a><\/p>\n","protected":false},"author":2,"featured_media":0,"parent":16,"menu_order":20,"comment_status":"closed","ping_status":"closed","template":"","meta":{"ngg_post_thumbnail":0,"_mc_calendar":[],"footnotes":""},"class_list":["post-36","page","type-page","status-publish","hentry"],"_links":{"self":[{"href":"http:\/\/www.mtv-studio.de\/index.php?rest_route=\/wp\/v2\/pages\/36","targetHints":{"allow":["GET"]}}],"collection":[{"href":"http:\/\/www.mtv-studio.de\/index.php?rest_route=\/wp\/v2\/pages"}],"about":[{"href":"http:\/\/www.mtv-studio.de\/index.php?rest_route=\/wp\/v2\/types\/page"}],"author":[{"embeddable":true,"href":"http:\/\/www.mtv-studio.de\/index.php?rest_route=\/wp\/v2\/users\/2"}],"replies":[{"embeddable":true,"href":"http:\/\/www.mtv-studio.de\/index.php?rest_route=%2Fwp%2Fv2%2Fcomments&post=36"}],"version-history":[{"count":18,"href":"http:\/\/www.mtv-studio.de\/index.php?rest_route=\/wp\/v2\/pages\/36\/revisions"}],"predecessor-version":[{"id":1395,"href":"http:\/\/www.mtv-studio.de\/index.php?rest_route=\/wp\/v2\/pages\/36\/revisions\/1395"}],"up":[{"embeddable":true,"href":"http:\/\/www.mtv-studio.de\/index.php?rest_route=\/wp\/v2\/pages\/16"}],"wp:attachment":[{"href":"http:\/\/www.mtv-studio.de\/index.php?rest_route=%2Fwp%2Fv2%2Fmedia&parent=36"}],"curies":[{"name":"wp","href":"https:\/\/api.w.org\/{rel}","templated":true}]}}